 - z - 40, 4*l + 2*z = 26. Suppose -4*n - n = 3*s - 451, 463 = l*n - s. What is the tens digit of n?
9
Let k = 4188 + -2810. What is the thousands digit of k?
1
Let r = 43 + -43. Suppose 0 = 5*c - 4*n - 216, -3*c + 4*n + 128 = -r*c. What is the units digit of c?
4
Suppose -720 = -w + 6*w. Let s = w - -216. What is the units digit of s?
2
Let b(h) = h + 11. Let x be b(-5). Let g be x/((7 + -3)/(-4)). What is the units digit of (-3 - g)/(9/24)?
8
Let j be 11/5 + (-1)/5. Suppose 26 = -0*c + j*c. Let a = c - 10. What is the units digit of a?
3
Let o = -151 + 377. What is the hundreds digit of o?
2
Let r(j) = -3*j + 1. Let u(y) = 4*y. Let h(z) = 5*r(z) + 4*u(z). Let m be h(-5). Suppose a - 2*a + 3 = m. What is the units digit of a?
3
Let h = -8 + 8. Suppose 2*w + w - 9 = h. Suppose 6*b - 5*b = w. What is the units digit of b?
3
Suppose 4*q = -4*i - 0*q + 4656, 5*i - 2*q = 5834. What is the thousands digit of i?
1
What is the tens digit of 6/12 - (-493)/2?
4
Let i be 2/9 - 464/144. Let a(d) = 10*d**2 - d. Let r be a(1). What is the tens digit of (r/(-2) - i)*-26?
3
Let f be ((-6)/8)/((-3)/8). Let d(x) = -4 + x**f - x - 1 - 1 + 6*x. What is the units digit of d(-9)?
0
Let z(n) be the third derivative of 5*n**2 + 0 + 0*n - 29/24*n**4 - 1/6*n**3. What is the units digit of z(-1)?
8
Suppose 3*x = 16 + 20. Suppose -3*y = -6*y + x. Suppose 2*b = 3*g + 12, y*g + 15 = 3*b + g. What is the units digit of b?
3
Let h(i) be the second derivative of i**4/6 + i**3/2 - 4*i. Let p be h(3). Suppose p = d - w, 0 = 5*d + w + 2*w - 119. What is the tens digit of d?
2
Let q be -42 + 2 - 2/2. Let l = 52 + q. What is the units digit of l?
1
Let z(d) = -26*d + 2. Let w be z(-1). Let k be (-130)/(-4)*8/10. Let x = w - k. What is the units digit of x?
2
Let j = -1151 + 569. Let t = j - -858. What is the units digit of t?
6
Suppose 9*i - 8159 = 2425. What is the units digit of i?
6
Let t(p) = -p**2 - 9. Let c be t(0). Let d = 12 + c. Suppose 3*x - 4*o = 49, -x - 8 = -2*x + d*o. What is the tens digit of x?
2
Let j(p) = p**3 + 11*p**2 - 12*p + 12. Let c be j(-12). Suppose 2*i + 40 = o, -i = -4*o + c + 22. What is the units digit of 61/9 - i/81?
7
Let g = 36 + -41. Let b(d) = -2*d**3 - 7*d**2 - 11. What is the tens digit of b(g)?
6
Suppose s = 6*s - 5, -4*g + 3*s = 43. Let k(f) = -f**2 - 2*f + 4. Let z be k(-4). Let y = z - g. What is the units digit of y?
6
Suppose -33*b + 648 = -6*b. What is the tens digit of b?
2
Suppose 0 = -2*a + 114 + 208. Suppose -a = -5*q - 46. What is the units digit of q?
3
Suppose -3*v + 2*v - 2 = 0. Let w(a) = a**3 - 10*a**2 + 3*a + 15. Let f be w(7). What is the tens digit of (-4)/v*f/(-6)?
3
Suppose -373 = -5*f + 892. What is the tens digit of f?
5
Let a(o) = -o**3 - 19*o**2 + 10. Let n be a(-19). Let j = 52 - n. What is the tens digit of j?
4
Let t be (-8 - -3)*(-6)/10. Let d be (159/(-6))/((-1)/4). Suppose t*r + k = -k + d, 0 = -2*r + k + 59. What is the tens digit of r?
3
Suppose 323 = -2*f + 1509. What is the tens digit of f?
9
Suppose -157 = -6*u - 43. Suppose -5*d + 129 - u = 0. Let f = 33 - d. What is the tens digit of f?
1
Let f = 215 + -56. Suppose 7 = -m + 5*q, 4*m + 5*q - 1 = 7*m. Suppose 0*l + f = m*l. What is the units digit of l?
3
Let z = 21 - 9. What is the units digit of (-3 + z/(-4))/(-1)?
6
Suppose -18 = -3*n - 126. Let r(w) = 3*w + 2. Let j be r(-1). What is the units digit of (-2)/(n/28 - j)?
7
Let b(h) = h**3 + 44*h**2 - 81*h - 9. What is the hundreds digit of b(-44)?
5
Suppose -17*m + 15 = -12*m. What is the hundreds digit of (m/6)/(3*2/2076)?
1
Let i = -73 + 642. What is the units digit of i?
9
Let a(g) = -g**3 - 6*g**2 - 5*g + 5. Let s be a(-5). Suppose -2*r + 0*r - 2 = 0, -5*q + 640 = s*r. What is the tens digit of q?
2
Let j(o) = o. Let s(z) = -z**3 - 10*z**2 + 15*z - 13. Suppose x = -0 - 1. Let a(h) = x*s(h) + 5*j(h). What is the units digit of a(-11)?
2
Suppose -10*b + b = -5256. What is the tens digit of b?
8
Let a be (-2)/(-11) + 24/(-11). Let w be 18*(-1)/a + -4. Suppose -6*u + 1 = -w*u. What is the units digit of u?
1
Suppose 30 = 17*o - 14*o + 3*n, -2*n - 5 = -3*o. What is the units digit of o?
5
Suppose 9*x - 4*x + 5 = 0. Let l(m) = -4*m**3 + m**2 - m - 1. Let b be l(x). Suppose -3*o = -3*p + 63, p - b*o = -2*p + 57. What is the units digit of p?
4
Let w(c) = -4*c**2 + 5*c + 4. Let m be w(5). Let t = m + 153. What is the units digit of t?
2
Let d be (-4)/(-10)*(-41 + 6). Let h = 14 + d. Suppose c - 2*t + t - 11 = h, -15 = 3*t. What is the units digit of c?
6
Suppose 5*m - 10381 - 4959 = -5*l, 3*m = -15. What is the tens digit of l?
7
Let y(o) = 1. Let z(u) = -4*u + 10. Let i(k) = 3*y(k) - z(k). Suppose 8*b = 3*b + 35. What is the tens digit of i(b)?
2
Let u = -659 + 1872. What is the hundreds digit of u?
2
Let h(a) = -7*a - 4. Let w(i) = -5 + 0 + 6*i + 8. Let q(t) = 2*h(t) + 3*w(t). What is the units digit of q(6)?
5
Let l be (-2)/(-6) - (-832)/24. Let i = -32 + l. Suppose -d - i*d + 8 = 0. What is the units digit of d?
2
Suppose 2*o + 0*f = 2*f + 16, -5*f = 15. Suppose 0 = -5*m - 2*z + 77 + 80, 159 = o*m + 4*z. What is the units digit of m?
1
Let s(z) = 5*z - 3*z + 4 - 10. Let t be s(4). Suppose 0 = y - t*h - h - 5, 75 = 3*y + 3*h. What is the tens digit of y?
2
Suppose -24 = -5*d + 261. Let v = d - 12. What is the units digit of v?
5
Let o be 57 + 4*3/4. Let d = o - 30. What is the units digit of d?
0
Suppose -4*j + 9 = 25. Let v be (-1 - -1)/(-1 - j). Suppose b - 5*k - 27 = v, b + 2*k + 5 = -3. What is the units digit of b?
2
Let g(j) = 18*j + 516. What is the tens digit of g(-7)?
9
Let y be 88/24 - 4/6. Let d(x) = 8*x**2 + x**y - 8 - 2*x - 9*x**2 + 11*x - 5*x**2. What is the units digit of d(5)?
2
Let f(t) = 4*t - 2. Let w(g) = -g + 1. Let v(j) = -f(j) - w(j). Let u be v(5). What is the units digit of ((-50)/4)/(7/u)?
5
Let s be (-15)/(-2)*36/30. Suppose 4*q - 13 = -i, 4*i = 4*q + i - s. Suppose q*p - p = 42. What is the units digit of p?
1
Let a = -1952 - -4158. What is the thousands digit of a?
2
What is the units digit of (-1 + 2)/(16/3664)?
9
Let r be ((-21)/6)/((-2)/4). Suppose 4 = -l, 0 = -r*o + 3*o + l + 4. Suppose o = 7*u - 68 - 324. What is the tens digit of u?
5
Let k be (-7 + 21)*2/4. Suppose 2*g - 55 = -k. What is the units digit of g?
4
Let j = -14 - -56. Let d(z) = z**2 - 5*z + 5. Let c be d(5). Suppose -3*k - r + 8 = -j, c*k - 90 = -5*r. What is the tens digit of k?
1
Let q(o) be the first derivative of o**6/120 - o**5/60 + o**2/2 + 8. Let v(k) be the second derivative of q(k). What is the units digit of v(2)?
4
Let x(f) = -f**3 - 7*f**2 + 3*f + 5. Let w be x(-7). Let d be 2*4/w*-28. Suppose 11*m + 96 = d*m. What is the tens digit of m?
3
Suppose -b = 5*z + 6, 4 = -b - 7*z + 3*z. Let c be -2 + b/(-3)*-3. Suppose 4*u - g - c = 0, 5*u - 3 = -2*g + 6. What is the units digit of u?
1
What is the tens digit of ((-28)/10)/((-124)/78430)?
7
Suppose 0 = 14*n + 1218 - 30968. What is the tens digit of n?
2
Suppose -2*c + 481 = -5*g - 51, 2*g = -5*c + 1388. What is the units digit of c?
6
Let p(o) = -o**3 - o**2 - o - 1. Let l(h) = -6*h**3 - 6*h**2 - 5*h + 100. Let x(k) = l(k) - 5*p(k). What is the tens digit of x(0)?
0
Suppose -g + 2 = 0, 0 = -3*q - g + 1036 - 290. Suppose -3*m - q = -698. What is the units digit of m?
0
Let p = 3664 - 2316. What is the hundreds digit of p?
3
Let p(l) = 16*l + 14. Let j be p(13). What is the units digit of (0 - -1)*j/3?
4
Let f(g) = -g**2 - 8*g. Suppose -3*w + 4 - 28 = 0. Let a(d) = -d**2 - 7*d + 2. Let o be a(w). What is the units digit of f(o)?
2
Let d(w) = -w**2 - 10*w - 11. Let i be (3 + (-36)/4)/1. What is the units digit of d(i)?
3
Suppose -k - 2*u = -6*k + 18, 0 = -u - 4. Suppose k*y + 131 - 21 = -x, 4*y - 5*x = -206. Let w = 92 + y. What is the tens digit of w?
3
What is the units digit of 1/(4*7/476)?
7
Suppose 8*n + 535 = 14231. What is the thousands digit of n?
1
Let r(v) = v**3 + v**2 + v - 1. Let y(x) = 7*x**3 - 6*x**2 + 12*x - 21. Let c(t) = 6*r(t) - y(t). What is the units digit of c(11)?
0
Let z(n) be the second derivative of -n**5/20 - 7*n**4/12 - 5*n**3/2 + 6*n**2 + n - 36. What is the units digit of z(-5)?
7
Let o = -15 - -9. Let b be 147/14 - o/(-4). Suppose -m - 1 = -b. What is the units digit of m?
8
Let t be (-68)/(-7) + 4/14. Suppose -t = -12